-7*h**2 + h + 1. Give b(-1).
-7
Let n(q) = -18*q + 158. Determine n(10).
-22
Let o(d) = 27*d + 125. Calculate o(-5).
-10
Let z(f) = 3*f - 26. Determine z(19).
31
Let a(h) = -8*h - 64. Give a(-11).
24
Let u(j) = -13*j + 404. Calculate u(31).
1
Let g(p) = -p**3 + 5*p**2 - p + 8. Give g(5).
3
Let d(i) = -3*i**3 + 2*i**2 - 3*i - 2. Give d(-1).
6
Let t(h) = h**2 + 19*h - 4. Give t(-11).
-92
Let f(u) = -2*u + 41. Determine f(0).
41
Let p(n) = 2*n**2 + 3*n - 7. Give p(-6).
47
Let z(m) = m**3 - 12*m**2 + 17*m - 8. Calculate z(11).
58
Let t(p) = p**3 + 11*p**2 - 10*p - 1. Give t(-12).
-25
Let b(h) = 5*h + 25. Determine b(-12).
-35
Let n(p) = 2*p**3 - 7*p**2 + 7*p + 7. Determine n(3).
19
Let l(u) = -2*u**2 + 13*u - 3. What is l(5)?
12
Let v(y) = 5*y - 59. What is v(11)?
-4
Let u(b) = -b**3 - 23*b**2 + 25*b + 21. What is u(-24)?
-3
Let r(d) = 24*d - 257. Determine r(11).
7
Let h(u) = -85*u + 270. Calculate h(3).
15
Let u(m) = -m**2 + 10*m + 19. Calculate u(10).
19
Let t(b) = 2*b**3 - 7*b**2 + 3*b - 5. Calculate t(3).
-5
Let y(h) = -h**3 - 7*h**2 + 11*h + 1. Determine y(-8).
-23
Let a(s) = -17*s - 2. Determine a(1).
-19
Let o(q) = q**3 + 21*q**2 - 46*q - 40. What is o(-23)?
-40
Let p(l) = -l**3 - 12*l**2 + 14*l + 18. Calculate p(-13).
5
Let d(v) = -8*v - 22. Determine d(-6).
26
Let m(k) = -k**3 + 51*k**2 - 146*k + 85. Give m(48).
-11
Let i(b) = b**3 - 34*b**2 - 109*b + 8. What is i(-3)?
2
Let s(k) = -37*k - 228. What is s(-6)?
-6
Let k(h) = -h**3 + 9*h**2 + 11*h - 5. What is k(10)?
5
Let p(s) = -3*s**2 - 7*s - 5. Give p(-5).
-45
Let s(d) = -3*d**2 + 15*d - 8. Give s(5).
-8
Let d(l) = -l**2 + 7*l - 6. Give d(6).
0
Let q(a) = a**2 + 15*a - 9. Calculate q(-16).
7
Let t(v) = v**2 + 7*v + 8. What is t(-6)?
2
Let i(u) = u**2 + 2*u. Calculate i(2).
8
Let v(j) = -j**2 - 6*j - 10. Give v(-7).
-17
Let d(n) = -n**3 - 23*n**2 - 20*n + 52. Determine d(-22).
8
Let r(f) = -48*f + 324. Calculate r(7).
-12
Let k(x) = x**2 + 10*x + 2. Determine k(-5).
-23
Let p(a) = a**3 + 3*a**2 - 3*a + 8. What is p(-4)?
4
Let h(g) = g**3 - 14*g**2 - 13*g - 11. Calculate h(15).
19
Let u(x) = -2*x + 3. Determine u(-1).
5
Let x(q) = 31*q**2 - 3*q + 2. Calculate x(2).
120
Let f(a) = -a**3 - 19*a**2 - 13*a - 41. What is f(-18)?
-131
Let a(b) = b**2 + 3*b + 1. What is a(-3)?
1
Let a(y) = y**2 + 39*y + 74. Calculate a(-37).
0
Let y(x) = -x**3 - 6*x**2 - 6*x + 8. What is y(-6)?
44
Let y(a) = a**2 - 7*a - 19. Calculate y(0).
-19
Let o(p) = p**3 - 6*p**2 - 3*p + 9. Give o(7).
37
Let q(k) = -k**2 + 11*k - 12. Determine q(9).
6
Let a(m) = -2*m**2 + 14*m - 18. Give a(8).
-34
Let s(l) = 7*l**3 + 1. Calculate s(-1).
-6
Let q(d) = 7*d - 4. Determine q(1).
3
Let g(j) = -j**3 - 8*j**2 - 7*j - 10. Calculate g(-7).
-10
Let h(p) = -p**3 - 15*p**2 - 18*p - 31. Determine h(-14).
25
Let z(s) = 2*s**2 + 14*s + 17. What is z(-7)?
17
Let q(p) = -p**3 + 19*p**2 - 33*p - 22. Calculate q(17).
-5
Let m(f) = -f**3 - 9*f**2 - 13*f + 2. Calculate m(-8).
42
Let d(a) = -2*a**3 + 69*a**2 - 35*a + 42. Determine d(34).
8
Let u(h) = 9*h - 58. Calculate u(7).
5
Let s(d) = d**3 - 14*d**2 - 15*d - 9. Calculate s(15).
-9
Let x(d) = 6*d - 1. Calculate x(-2).
-13
Let b(w) = -239*w - 1431. Determine b(-6).
3
Let v(o) = -o**3 - 16*o**2 - 21*o - 14. Determine v(-15).
76
Let j(b) = -b**3 - 2*b**2 + 17*b - 31. Determine j(-6).
11
Let f(y) = y**3 + 7*y**2 + 7*y - 10. What is f(-7)?
-59
Let d(c) = -c**3 - 15*c**2 - 11*c + 48. Calculate d(-14).
6
Let p(u) = -u**2 - 14*u - 13. What is p(-16)?
-45
Let z(m) = -2*m - 4. Calculate z(-6).
8
Let v(i) = 3*i + 19. Give v(-6).
1
Let j(b) = b**2 - 4*b - 1. Give j(2).
-5
Let y(z) = z**3 + 18*z - 19. Determine y(1).
0
Let b(r) = r**2 - 23*r + 12. What is b(23)?
12
Let r(j) = j**2 + 11*j + 17. Determine r(-7).
-11
Let l(r) = -3*r + 80. Determine l(26).
2
Let u(p) = -p**2 + 12*p + 1. Determine u(9).
28
Let w(f) = -f - 13. Determine w(-18).
5
Let h(g) = -2*g - 6. What is h(-4)?
2
Let u(c) = 13*c - 9. Give u(2).
17
Let z(d) = -8*d**3 - 2*d**2 + 5*d - 1. Calculate z(2).
-63
Let y(f) = f**3 - 3*f**2 - 35*f - 11. What is y(8)?
29
Let i(z) = 12*z**2 - 134*z + 25. Calculate i(11).
3
Let t(m) = m**3 + 5*m**2 - 6*m + 2. Calculate t(-6).
2
Let q(g) = -g**3 - 13*g**2 - 5*g - 13. Determine q(-12).
-97
Let c(h) = -h**2 + h - 12. What is c(-5)?
-42
Let x(i) = -i**3 + 4*i**2 + 4*i + 1. Calculate x(4).
17
Let a(w) = w**2 - 12*w + 28. Give a(9).
1
Let c(o) = -5*o + 4. What is c(-8)?
44
Let d(p) = p**2 + 12*p - 21. Give d(-14).
7
Let f(h) = h**2 - 23*h - 4. Calculate f(23).
-4
Let z(s) = s**3 - 9*s**2 + 19*s - 8. Give z(4).
-12
Let z(d) = 22*d + 109. Determine z(-5).
-1
Let v(u) = u**2 - 9*u + 5. Give v(8).
-3
Let v(x) = x - 28. What is v(21)?
-7
Let o(i) = -i**3 + 8*i**2 - 3*i + 18. What is o(8)?
-6
Let f(b) = -4*b - 9. Determine f(-10).
31
Let w(v) = -v**3 - 3*v**2 + 8*v - 7. Calculate w(-5).
3
Let f(w) = -w**2 + 5*w + 4. Determine f(10).
-46
Let x(b) = b**2 - b + 2. Determine x(-4).
22
Let d(x) = -x**3 - 5*x**2 - 6*x - 7. Calculate d(-5).
23
Let b(a) = -12*a - 17. Calculate b(-3).
19
Let c(m) = -m**3 - 21*m**2 - 21*m + 9. What is c(-20)?
29
Let z(h) = 4*h - 13. What is z(3)?
-1
Let i(q) = -q**3 + 5*q**2 - q + 10. What is i(5)?
5
Let j(l) = -2*l**2 + 6*l - 3. Determine j(3).
-3
Let u(x) = -2*x**3 + 6*x**2 - x + 10. Determine u(3).
7
Let u(w) = -w + 1. Calculate u(5).
-4
Let n(q) = 2*q**3 + 16*q**2 + 12*q - 11. What is n(-7)?
3
Let c(u) = -u**3 + 11*u**2 - 37*u + 30. Determine c(4).
-6
Let l(j) = j**3 - 3*j**2 - 3*j - 2. Determine l(5).
33
Let w(g) = -2*g**2 - 8*g - 5. What is w(-5)?
-15
Let w(i) = -i**3 + 16*i**2 + 10. Give w(16).
10
Let n(t) = -t**3 - 4*t**2 + t - 1. Give n(-4).
-5
Let i(z) = z**3 + 32*z**2 - 33*z. Determine i(-33).
0
Let m(s) = -13*s**2 - s + 1. Determine m(2).
-53
Let i(j) = 7*j**2 + 3*j + 2. Calculate i(-1).
6
Let h(l) = -l**2 + 6*l + 12. What is h(4)?
20
Let a(k) = -k - 17. Determine a(0).
-17
Let k(i) = -i**3 - 8*i**2 + 29*i - 16. Give k(-11).
28
Let i(k) = k**2 - 18*k - 31. Calculate i(20).
9
Let t(r) = 43*r - 90. Give t(2).
-4
Let v(r) = -r**2 - 3*r + 40. Determine v(9).
-68
Let s(y) = -3*y**2 + 4. Determine s(2).
-8
Let r(d) = d**3 - 5*d**2 - d + 18. Calculate r(3).
-3
Let k(m) = 2*m**2 - 8*m - 10. Determine k(8).
54
Let t(q) = -q**3 - 5*q**2 - q - 36. What is t(-6)?
6
Let h(s) = 3*s**3 - s**2 + 2*s - 2. What is h(1)?
2
Let d(a) = a**2 - 12*a + 9. Calculate d(10).
-11
Let n(a) = a**3 + 7*a**2 + 10*a + 13. What is n(-5)?
13
Let m(r) = r**3 - 7*r**2 + 8*r + 2. What is m(5)?
-8
Let z(c) = -c**2 + 19*c - 59. Determine z(13).
19
Let s(n) = -26*n + 3. What is s(2)?
-49
Let r(w) = -w**3 + 14*w**2 - 19*w + 13. Give r(13).
-65
Let v(d) = 2*d**2 + 19*d + 44. What is v(-3)?
5
Let h(w) = w**3 - 5*w**2 - 15*w - 4. What is h(7)?
-11
Let i(l) = -l**2 - 16*l - 21. Give i(-13).
18
Let p(r) = r**3 + 2*r**2 - 10*r - 6. Calculate p(-4).
2
Let d(j) = j**3 - 6*j**2 - 17*j + 12. Determine d(8).
4
Let z(q) = -10*q**2 + 4*q - 3. What is z(2)?
-35
Let z(n) = -n - 23. Calculate z(-21).
-2
Let m(l) = -3*l**2 + l - 2. What is m(2)?
-12
Let x(k) = 3*k**2 - 5*k. Give x(9).
198
Let d(o) = o**3 + 7*o**2 + 5*o - 4. What is d(-6)?
2
Let v(f) = 2*f**3 + 19*f**2 - 19*f - 83. What is v(-10)?
7
Let t(k) = -90*k**2 - 2*k - 1. Calculate t(-1).
-89
Let z(j) = -j**3 - 7*j**2 - 12*j - 10. Calculate z(-4).
-10
Let k(w) = 3*w + 45. Determine k(-16).
-3
Let l(w) = w**3 - 7*w**2 - 20*w + 27. Calculate l(9).
9
Let k(n) = 2*n**3 + 3*n**2 - n + 10. Calculate k(-3).
-14
Let i(m) = m**3 - 7*m**2 + 5*m + 4. Calculate i(6).
-2
Let m(r) = -r - 14. What is m(7)?
-21
Let h(n) = 6*n - 1. Calculate h(7).
41
Let g(q) = 2*q**2 - 4*q - 26. Determine g(6).
22
Let m(o) = 138*o**2 + o. Determine m(-1).
137
Let a(w) = 14*w - 5. Calculate a(-6).
-89
Let y(d) = -2*d**3 + 14*d**2 - 14*d + 21. Calculate y(6).
9
Let s(t) = -t**2 - 19*t + 62. Determine s(-23).
-30
Let b(f) = f**2 + f + 10. Determine b(-6).
40
Let o(h) = 6*h**3 + 7*h + 6. Calculate o(-1).
-7
Let z(c) = -c**3 - 11*c**2 - 5*c + 4. Determine z(-11).
59
Let v(a) = 3*a - 105. Determine v(32).
-9
Let k(x) = -3*x + 22. Give k(10).
-8
Let r(t) = 26*t**3 - t**2 + t - 1. Determine r(1).
25
Let d(n) = -n**3 - 8*n**2 - 11*n - 14. Calculate d(-6).
-20
Let n(t) = -12*t**2 - t - 1. Give n(-2).
-47
Let p(n) = -n